2 + 39*m + 31. Calculate u(24).
-185
Let y(o) = -o**3 - 7*o**2 + 6*o + 21. Give y(-5).
-59
Let x(g) = 670*g + 39521. What is x(-59)?
-9
Let x(z) = -47*z - 1888. Give x(-40).
-8
Let y(c) = c**3 + 81*c**2 + 1260*c + 7. Determine y(-21).
7
Let b(z) = -132*z - 6729. Give b(-51).
3
Let h(f) = 3*f**3 + 57*f**2 - 60*f - 9. Calculate h(-20).
-9
Let w(l) = -42*l + 4282. Calculate w(102).
-2
Let u(b) = b**2 - 128*b - 1072. Determine u(-8).
16
Let j(q) = -479*q + 7682. Determine j(16).
18
Let z(q) = q**2 - 94*q + 621. What is z(7)?
12
Let a(p) = p**3 - 3*p**2 - 5*p + 4. Determine a(-2).
-6
Let w(s) = -s**3 + 46*s**2 + 49*s - 92. Give w(47).
2
Let i(u) = -390*u - 4252. Give i(-11).
38
Let l(s) = -s**2 + 69*s - 247. Give l(65).
13
Let u(y) = 1526*y + 5. Determine u(0).
5
Let j(f) = 2*f**2 - 63*f - 149. Give j(34).
21
Let z(j) = -165*j**3 - j**2 + j. Give z(1).
-165
Let g(l) = -l**2 + 55*l - 499. Give g(12).
17
Let j(d) = 12*d**3 - 3*d**2 + 8*d + 6. Determine j(3).
327
Let z(c) = -915*c**2 - 3663*c - 4. What is z(-4)?
8
Let h(w) = 8*w**2 - 94*w - 484. Give h(-5).
186
Let r(t) = -t**3 - 7*t**2 - 6*t - 8. Give r(-5).
-28
Let k(s) = 9*s**2 + 16*s + 35. Give k(-3).
68
Let x(b) = -1341*b + 108607. Determine x(81).
-14
Let f(q) = 14*q - 1675. Calculate f(93).
-373
Let r(d) = d**2 - 1025*d + 6127. Give r(6).
13
Let f(k) = 29*k**2 + 169*k - 25. Calculate f(-6).
5
Let u(b) = 5*b**2 + 99*b + 93. Give u(-19).
17
Let b(a) = -277*a + 2217. Calculate b(8).
1
Let m(b) = -18*b**2 + 253*b - 254. What is m(13)?
-7
Let t(n) = n**2 + 56*n - 1429. What is t(19)?
-4
Let p(l) = -15*l - 235. Calculate p(29).
-670
Let h(y) = 149*y**2 - 444*y - 3. Determine h(3).
6
Let n(k) = k**2 + 600*k + 5322. Determine n(-9).
3
Let k(l) = 7*l**2 + 205*l + 64. Determine k(-29).
6
Let i(t) = -t**3 + 58*t**2 - 98*t - 22. Determine i(2).
6
Let m(l) = l**3 - 3*l**2 - 43*l - 9. Determine m(-5).
6
Let p(j) = j**3 - 60*j**2 + 64*j - 250. Determine p(59).
45
Let a(b) = -2*b**3 - 16*b**2 - 46*b - 2. Calculate a(-6).
130
Let i(f) = 120*f + 360. Determine i(-3).
0
Let w(i) = -2*i**3 - i**2 - 248*i - 719. Calculate w(-3).
70
Let i(m) = m**3 - 59*m**2 + 5*m - 281. Determine i(59).
14
Let x(u) = 43*u - 331. What is x(17)?
400
Let m(w) = -34*w**3 - 3*w**2 - 5*w - 3. Give m(-1).
33
Let u(v) = -v**3 - 6*v**2 + 79*v + 3. Give u(-10).
-387
Let h(d) = 16*d**2 - 613*d + 188. Determine h(38).
-2
Let m(o) = o**3 + 43*o**2 + 363*o + 101. What is m(-11)?
-20
Let u(i) = -3*i**2 - 136*i + 1858. Calculate u(11).
-1
Let r(k) = k**3 - 9*k**2 + 40*k - 22. What is r(6)?
110
Let s(x) = -x**2 + 7*x - 12. What is s(7)?
-12
Let n(z) = -17*z - 213. Calculate n(-17).
76
Let m(d) = -3*d**2 + 23*d + 109. What is m(13)?
-99
Let b(y) = 6*y**3 - 26*y**2 - 10*y + 17. Determine b(5).
67
Let b(w) = -20*w + 1344. What is b(65)?
44
Let k(q) = -2*q**3 - 6*q**2 + 22*q - 36. Determine k(3).
-78
Let q(c) = 12*c - 251. Calculate q(11).
-119
Let f(g) = -g**2 + 15*g. What is f(13)?
26
Let w(f) = 2*f**2 - 7*f - 745. What is w(21)?
-10
Let t(b) = b**3 - 9*b**2 - 18*b + 37. Calculate t(8).
-171
Let g(b) = 25*b**2 - 270*b + 208. Give g(10).
8
Let j(n) = 4*n**3 + 7*n**2 - 9*n - 8. Calculate j(3).
136
Let p(x) = -416*x - 4944. Give p(-12).
48
Let u(v) = -36*v - 764. What is u(-21)?
-8
Let n(x) = 4*x**3 - 2*x**2 + x + 2. What is n(-1)?
-5
Let i(m) = -4591*m + 59683. Determine i(13).
0
Let j(l) = l**3 + 12*l**2 + 27*l + 20. Calculate j(-9).
20
Let l(j) = -118*j - 238. Determine l(-2).
-2
Let m(k) = 5*k**3 - 42*k**2 - 116*k - 5. Give m(-3).
-170
Let j(r) = -13*r**2 - 496*r - 551. Give j(-37).
4
Let t(u) = -4*u**2 - 794*u - 1587. Calculate t(-2).
-15
Let i(n) = 93*n - 3519. Calculate i(38).
15
Let a(v) = 3*v**2 - 12*v + 32. Give a(3).
23
Let f(a) = a**3 + 118*a**2 + 146*a + 3383. Determine f(-117).
-10
Let o(k) = -2*k**2 + 69*k - 133. Calculate o(2).
-3
Let v(c) = 26*c**2 + 11*c + 2. Calculate v(-4).
374
Let g(l) = 7*l + 98. Determine g(-7).
49
Let k(t) = -65*t + 1264. What is k(20)?
-36
Let y(j) = -2*j**2 - 55*j - 21. Determine y(-27).
6
Let y(x) = 65*x - 40. Calculate y(6).
350
Let z(m) = -209*m + 197. Determine z(1).
-12
Let r(v) = -v**3 - 10*v**2 - 50*v - 10. What is r(-4)?
94
Let t(v) = v**3 - 20*v**2 + 97*v + 23. Calculate t(10).
-7
Let x(j) = -35*j + 1262. Calculate x(36).
2
Let g(v) = -v**3 + 56*v**2 + 339*v - 18987. Calculate g(56).
-3
Let q(d) = -d**3 + 101*d**2 - 1362*d + 25. Calculate q(16).
-7
Let v(y) = 2*y**2 - 443*y + 10002. Give v(196).
6
Let c(b) = -b**3 - 27*b**2 + 28*b + 22. What is c(-28)?
22
Let d(l) = -l**2 - 7*l + 969. Calculate d(-35).
-11
Let v(o) = -409*o - 346. Give v(-1).
63
Let f(w) = -122*w + 5294. Determine f(43).
48
Let s(p) = p**3 + 9*p**2 + 72*p + 1034. Calculate s(-11).
0
Let v(m) = 7*m**2 - 75*m + 29. What is v(9)?
-79
Let s(o) = -2*o**3 - 18*o**2 - 10*o + 11. Calculate s(-8).
-37
Let d(t) = t**3 - 7*t**2 - 53*t + 1. Calculate d(-7).
-314
Let b(o) = -63*o + 660. Determine b(10).
30
Let z(q) = -40*q - 143. Determine z(-5).
57
Let m(j) = 52*j - 1309. Give m(25).
-9
Let v(m) = 228*m + 1815. Give v(-7).
219
Let h(a) = 36*a - 68. Determine h(4).
76
Let x(r) = r**3 - 19*r**2 + 262*r - 4361. Determine x(18).
31
Let u(p) = -2*p**3 - 11*p**2 - 10*p - 39. Calculate u(-5).
-14
Let m(t) = t**2 + 2206*t - 40043. Calculate m(18).
-11
Let t(s) = 133*s - 4808. What is t(36)?
-20
Let x(s) = 1075*s - 46217. What is x(43)?
8
Let m(u) = 8*u**3 + u**2 - 5*u + 3. Determine m(2).
61
Let h(t) = 620*t + 3586. Give h(-6).
-134
Let c(i) = -i**3 + 9*i**2 + 228*i - 166. Calculate c(20).
-6
Let z(f) = -f**2 + 89*f - 527. Calculate z(77).
397
Let c(z) = -6*z + 687. Calculate c(112).
15
Let t(q) = q**2 - 69*q - 716. What is t(-9)?
-14
Let s(u) = 2*u**2 + 12*u + 117. Determine s(-7).
131
Let z(f) = -8*f**2 - 80*f - 1. Calculate z(-7).
167
Let x(h) = -232*h**2 + 1865*h - 50. Calculate x(8).
22
Let x(a) = -a**2 + 105*a - 2362. Determine x(34).
52
Let b(o) = -2*o**2 + 416*o - 19720. What is b(135)?
-10
Let u(p) = -2*p**2 - 49*p + 43. Give u(-26).
-35
Let l(w) = w**3 - 24*w**2 + 135*w + 72. What is l(14)?
2
Let p(c) = c**2 - 27*c + 49. Determine p(22).
-61
Let x(a) = -a**3 + 5*a**2 - 17*a + 47. Determine x(4).
-5
Let x(d) = d**2 - 38*d - 206. Determine x(47).
217
Let b(g) = 5*g**3 - 13*g**2 - 48*g + 104. Calculate b(2).
-4
Let c(s) = -51*s - 283. What is c(-8)?
125
Let x(g) = -127*g**2 - 1921*g - 247. Determine x(-15).
-7
Let v(j) = -71*j - 2675. Give v(-46).
591
Let w(d) = 3*d**2 + 15*d - 67. What is w(-8)?
5
Let z(r) = -r**3 + 17*r**2 + 48*r - 186. What is z(19)?
4
Let f(j) = j**2 + 23*j + 12. What is f(-25)?
62
Let f(c) = c**2 - 152*c + 306. Calculate f(2).
6
Let w(t) = -4*t**2 - 100*t - 37. Calculate w(-24).
59
Let a(p) = p**2 - 4*p - 412. Calculate a(21).
-55
Let i(q) = 16*q + 146. Calculate i(-2).
114
Let b(r) = 2*r**3 - 6*r**2 - 8*r + 40. Determine b(3).
16
Let y(q) = -37*q**2 - 218*q - 13. Calculate y(-6).
-37
Let g(x) = x**3 - x**2 - 17*x - 2. Determine g(-3).
13
Let a(u) = -10*u**2 + 36*u - 65. Give a(2).
-33
Let h(s) = -11*s + 197. Calculate h(17).
10
Let p(g) = -2*g**3 + 7*g**2 + 117*g - 441. Give p(4).
11
Let r(p) = 6*p**2 - 188*p + 42. Calculate r(30).
-198
Let d(o) = 4*o**2 + 16*o - 262. Determine d(7).
46
Let c(p) = -p**2 - 46*p - 261. Calculate c(-39).
12
Let s(f) = -f**2 - 45*f - 264. Determine s(-39).
-30
Let q(w) = 12*w**2 + 52*w + 106. Give q(-2).
50
Let x(c) = 69*c - 757. Determine x(11).
2
Let g(j) = -2445*j - 4896. Determine g(-2).
-6
Let w(o) = -39*o**2 + 548*o - 25. What is w(14)?
3
Let x(o) = o**2 - 52*o + 382. Give x(36).
-194
Let x(j) = -2*j**3 - 155*j**2 - 249*j - 1603. Calculate x(-76).
-7
Let q(t) = -69*t + 340. Give q(7).
-143
Let t(w) = -6*w - 291. Give t(-18).
-183
Let o(b) = -b**3 + 8*b**2 - 103. Calculate o(0).
-103
Let v(k) = 3*k**2 + 48*k - 1. Calculate v(-4).
-145
Let v(d) = 3*d - 72. Determine v(-13).
-111
Let y(p) = 4*p**3 - 27*p**2 + 20*p - 26. Give y(6).
-14
Let c(s) = s**2 - 24*s - 86. What is c(33)?
211
Let p(w) = w**3 + 36*w**2 + 25*w + 900. Give p(-36).
0
Let x(q) = 13*q**2 + 116*q + 89. Determine x(-8).
-7
Let t(n) = -113*n - 4181. What is t(-37)?
0
Let w(y) = -y**2 + 23*y + 62. Give w(18).
152
Let f(m) = -871*m + 12306. Determine f(14).
112
Let w(m) = m**3 + 16*m**2 - 194*m - 44. Determine w(-24).
4
Let x(